1010110
In base 15, what is 1 - -80dcd?
80dce
In base 7, what is 26225 - 36?
26156
In base 13, what is -384c59 + -5?
-384c61
In base 11, what is -126 - -aa97?
a971
In base 3, what is 1121012110 - -122?
1121020002
In base 9, what is -320 + 1?
-318
In base 7, what is 23335 + 5?
23343
In base 9, what is 155 - -321?
476
In base 9, what is 0 + 4358?
4358
In base 12, what is -2 - 21572?
-21574
In base 13, what is -a0 - 63?
-133
In base 8, what is -1 + 15137?
15136
In base 16, what is -4 + 3857?
3853
In base 16, what is 139 + 6f?
1a8
In base 4, what is -1011033121 - -2?
-1011033113
In base 2, what is -10111111111011100001 + -1?
-10111111111011100010
In base 7, what is -206 - 6341?
-6550
In base 13, what is -1 + 549bc?
549bb
In base 8, what is -2542304 - -1?
-2542303
In base 8, what is 1 - -50602?
50603
In base 9, what is 228 - -347?
576
In base 16, what is 520 + -2e1?
23f
In base 10, what is -104136 + 20?
-104116
In base 7, what is -1 - -11512?
11511
In base 15, what is c5ce9 - 2?
c5ce7
In base 14, what is -8c76 - -43?
-8c33
In base 3, what is 11 + 101012121220?
101012122001
In base 2, what is -1011 + -1000101000001011010?
-1000101000001100101
In base 12, what is 1 - -2196?
2197
In base 9, what is -64 - -1326?
1252
In base 14, what is -328b8b - -5?
-328b86
In base 12, what is -105b9 + -10?
-10609
In base 13, what is -c6 - -97?
-2c
In base 6, what is 440405 - -120?
440525
In base 2, what is -10010 + -111010001010?
-111010011100
In base 7, what is 56316 - 100?
56216
In base 7, what is 5604 - 32?
5542
In base 5, what is 433013 - -4?
433022
In base 5, what is -2311242 + 20?
-2311222
In base 4, what is -11002 - 13320?
-30322
In base 14, what is 9 - 4247a?
-42471
In base 13, what is -353aa + 22?
-35388
In base 16, what is 4 - 9a9?
-9a5
In base 8, what is -144 - -476?
332
In base 13, what is 772cb - 1?
772ca
In base 3, what is -10 - 2211022202?
-2211022212
In base 11, what is -204a9 + -39?
-20537
In base 7, what is -16350 - 21?
-16401
In base 3, what is -220 - 11012121?
-11020111
In base 7, what is -3 - -2340?
2334
In base 4, what is -323212 + 2?
-323210
In base 11, what is -6 - -207136?
207130
In base 2, what is -1111100110010100101 + 100?
-1111100110010100001
In base 9, what is -2 + 1827?
1825
In base 6, what is -1 - -110233?
110232
In base 8, what is 367 + 14?
403
In base 5, what is 13 - 1031444?
-1031431
In base 11, what is 139a - -624?
1a13
In base 15, what is -2 - -28ade?
28adc
In base 16, what is 252808 - -1?
252809
In base 16, what is -4 + -5a8?
-5ac
In base 16, what is -6f8 + -19?
-711
In base 2, what is 100100110110100110010 + 1?
100100110110100110011
In base 7, what is 56524041 - 0?
56524041
In base 13, what is 14a08 - 22?
149b6
In base 4, what is 132 + 1002303?
1003101
In base 2, what is 1000111001101000 + 10101?
1000111001111101
In base 15, what is -3c + 662?
625
In base 8, what is -42154 + 54?
-42100
In base 11, what is 1a + 1398?
1407
In base 7, what is 35424 - 1?
35423
In base 7, what is 1360 - -165?
1555
In base 10, what is 18 + 2250?
2268
In base 9, what is -113 + -16540?
-16653
In base 5, what is -23 + 3222?
3144
In base 3, what is -11020 + 10120?
-200
In base 13, what is 7 + -c944?
-c93a
In base 10, what is 86 - -5602?
5688
In base 14, what is -3 - 74cb5?
-74cb8
In base 13, what is -59 - 1a8?
-234
In base 13, what is 14350 - 2?
1434b
In base 4, what is -11 + -221121?
-221132
In base 15, what is -76 - 241?
-2b7
In base 10, what is 2 - 105847?
-105845
In base 12, what is 22 + 9465?
9487
In base 8, what is -440141 + 7?
-440132
In base 2, what is 0 - -1100001001011010?
1100001001011010
In base 5, what is -213 + -112332?
-113100
In base 14, what is -23 + -9c3?
-a06
In base 16, what is 39708 - -5?
3970d
In base 10, what is 47 + -20550?
-20503
In base 10, what is -115 - -526?
411
In base 16, what is a + 707?
711
In base 5, what is -140 + -100041?
-100231
In base 2, what is -1101 + -1010100000011?
-1010100010000
In base 8, what is -5743574 - 1?
-5743575
In base 6, what is 1311 - -313?
2024
In base 8, what is 41774 + 4?
42000
In base 9, what is -22 + -4510?
-4532
In base 6, what is 0 - 141022?
-141022
In base 14, what is -3a - b3?
-10d
In base 2, what is -10011000011001110 - 111?
-10011000011010101
In base 4, what is -1333 - 33131?
-101130
In base 3, what is -1012101 - 12?
-1012120
In base 15, what is 6ad + 20?
6cd
In base 5, what is 1220131 - 100?
1220031
In base 10, what is -9287 - -13?
-9274
In base 3, what is -10 - -102221202?
102221122
In base 11, what is -3 - 99?
-a1
In base 15, what is -75 + -483?
-508
In base 3, what is 10 - -111020222?
111021002
In base 5, what is -222403 - 314?
-223222
In base 8, what is 673400 + 2?
673402
In base 4, what is -1203112 + 12323?
-1130123
In base 16, what is -6359 - -16?
-6343
In base 10, what is 36041 - 31?
36010
In base 8, what is 447 - -20?
467
In base 12, what is 4 - -215b1?
215b5
In base 4, what is 203303 + 112?
210021
In base 4, what is -1 + -110111131?
-110111132
In base 13, what is -c7 - -4ba?
3c3
In base 16, what is 9 - -55?
5e
In base 5, what is 40 + -41313?
-41223
In base 7, what is -335 + 1161?
523
In base 11, what is 3 - 8107?
-8104
In base 2, what is -100100110011111 + -100?
-100100110100011
In base 2, what is -110001100001 - -11111?
-110001000010
In base 5, what is 314 + 2230034?
2230403
In base 16, what is -65c6 - 0?
-65c6
In base 2, what is 10011001100 + -111000110?
1100000110
In base 13, what is 1 + 46a0a?
46a0b
In base 4, what is 1011010001 + 11?
1011010012
In base 16, what is 37bc + 1?
37bd
In base 5, what is 210122 + 114?
210241
In base 10, what is 146 + 38244?
38390
In base 12, what is 5 + -20366?
-20361
In base 2, what is -10010010100001 + -110101110?
-10011001001111
In base 4, what is 32 - 1110100213?
-1110100121
In base 11, what is 1944a - -a2?
19541
In base 2, what is -101 - 1101010001100?
-1101010010001
In base 5, what is 41312241 - 3?
41312233
In base 11, what is 1 - 22423?
-22422
In base 7, what is 10 + -30344?
-30334
In base 15, what is 46 + -b4d?
-b07
In base 11, what is 5 - -8294?
8299
In base 9, what is -11360 + -217?
-11577
In base 14, what is 2 - 8a17?
-8a15
In base 7, what is -3230430 + 0?
-3230430
In base 12, what is 1616968 - -2?
161696a
In base 12, what is 2301 + 132?
2433
In base 7, what is -41451 - -2?
-41446
In base 13, what is -1481 - 7?
-1488
In base 13, what is 4 + -43c89c?
-43c898
In base 12, what is 38 + 87?
103
In base 3, what is -2121222100 - 121?
-2121222221
In base 16, what is -18 + -31f?
-337
In base 9, what is -137635 + 2?
-137633
In base 11, what is 112841 - -6?
112847
In base 14, what is 5 - -a0c51?
a0c56
In base 12, what is 64b05 - 0?
64b05
In base 13, what is -4705 - 5?
-470a
In base 6, what is -24 - -2154?
2130
In base 7, what is 52 + -16202?
-16120
In base 5, what is 3 + 1041421?
1041424
In base 10, what is 88 - -539?
627
In base 16, what is -24 - 38f3?
-3917
In base 2, what is 1100011110 - 101110101?
110101001
In base 9, what is 4 + 18541?
18545
In base 14, what is 4468 - 0?
4468
In base 14, what is -6304 - 6d?
-6373
In base 11, what is 2075642 - 3?
207563a
In base 11, what is 19a336 - 5?
19a331
In base 11, what is -93 - 2a18?
-3000
In base 5, what is -2 - 3211110?
-3211112
In base 13, what is 2 - -2131?
2133
In base 5, what is 3 + -112232043?
-112232040
In base 13, what is -31 - -53b4?
5383
In base 5, what is -4 - -424321?
424312
In base 4, what is 0 - -3320001?
3320001
In base 10, what is -480 - -338?
-142
In base 5, what is -2 + 2040413?
2040411
In base 15, what is 3 + 849aa?
849ad
In base 5, what is 243 + 1314?
2112
In base 16, what is 6 - -1a51?
1a57
In base 13, what is 0 + 15772?
15772
In base 15, what is 7ab1 - 4?
7aac
In base 12, what is 201 - -48b?
690
In base 9, what is -2763 + 2183?
-570
In base 9, what is 1282354 - -3?
1282357
In base 3, what is 1122 - -20010210?
20012102
In base 9, what is 200355 - -12?
200367
In base 2, what is 1000101000011101 - 100?
1000101000011001
In base 3, what is -10000121 - 101022?
-10101220
In base 15, what is -b50a - 0?
-b50a
In base 5, what is -3042012 - 1?
-3042013
In base 15, what is -84 + -667?
-6eb
In base 9, what is 5 + 63273?
63278
In base 6, what is 3 + 4410005?
4410012
In base 8, what is -5 - 100724?
-100731
In base 15, what is -1e9 + -20ad?
-22a7
In base 11, what is 3820 + 2a?
384a
In base 9, 